m(t) = 8*t + 80. Suppose 0*g + 3*g = g. What is the remainder when m(g) is divided by 14?
10
Suppose 0 = 7*f + 65 + 166. Let k = f + 39. Calculate the remainder when 22 is divided by k.
4
Suppose -8*a + 2*a + 186 = 0. Calculate the remainder when 139 is divided by a.
15
Let h = 26 - 23. What is the remainder when 18 + h + -3 + -3 is divided by 4?
3
Suppose -2*s + 5*h = -441 - 216, -3*h = -3*s + 963. Calculate the remainder when s is divided by 80.
76
Let l(w) = 6 + 2*w**3 + 0*w - 3*w**3 - 5*w + 5*w**2. Let t(j) = j**2 + 3*j - 1. Let o be t(1). Calculate the remainder when 42 is divided by l(o).
6
Suppose 0*k = -3*k - 3*n + 18, 0 = -2*k - 5*n + 21. What is the remainder when 1*(-3 + (k - -39)) is divided by 14?
11
Suppose -16*k + 670 + 562 = 0. Suppose 3*o - 37 = 23. What is the remainder when k is divided by o?
17
Let z(l) = l**2 - 31*l - 93. Calculate the remainder when z(34) is divided by 4.
1
Suppose 2*w = 153 - 71. Calculate the remainder when w is divided by 5/20 + (-43)/(-4).
8
Suppose -5*q + 8*q - 4*y - 19 = 0, -5*q + 9 = -y. Let x be ((-3)/3*0)/q. Suppose -f + 14 + 1 = x. What is the remainder when 58 is divided by f?
13
Let s(r) = r**2 - 4*r + 3. Let c be s(3). Let y be (7 - 2) + c/(-2). Suppose -y*v + 115 = -45. Calculate the remainder when v is divided by 11.
10
Suppose 2*i + 52 = 2*h, i + 12 - 42 = -h. What is the remainder when 57 is divided by h?
1
Let p = -292 - -609. Calculate the remainder when p is divided by 53.
52
Let f(o) = 7*o + 39. Let i(v) = v - 1. Let j(s) = -f(s) + 2*i(s). Calculate the remainder when 28 is divided by j(-12).
9
Let w be 2/4 + (-110)/(-4). Suppose -63*j - 2*r = -68*j + 14, 5*r = -2*j + 23. What is the remainder when 24 is divided by 1*w/(j/1)?
3
Suppose -h + 59 = 70*i - 73*i, 2*i + 59 = h. What is the remainder when 122 is divided by h?
4
Suppose -23*q + 19*q = -556. Let t = 161 - q. Calculate the remainder when 42 is divided by t.
20
Suppose -3 = 2*r - 1, 5*r + 49 = 2*a. What is the remainder when a is divided by 8?
6
Suppose w + c = 5*w - 24, 3*c = -5*w + 30. Let k(j) = 3*j + 1. Let r be k(-1). Calculate the remainder when w is divided by ((-5)/(-2) + r)*8.
2
Suppose -2 = -3*k - 14. Calculate the remainder when 45 is divided by 3*((-19)/(-3) + k).
3
Suppose -3*v - 2 = 13. Let o = 40 - v. Let u = 247 + -235. What is the remainder when o is divided by u?
9
Suppose -f + 14 = -0*f. Suppose -f = 3*j - 62. Calculate the remainder when (-2)/(4/(-86)) - -2 is divided by j.
13
Suppose -14*j + 126 = -252. What is the remainder when 130 is divided by j?
22
Let c be ((-36)/2)/(45/(-30)). Suppose -3*a - c = -6*a. Suppose 0*g = 2*i - 3*g - 25, 0 = a*i - 3*g - 35. Calculate the remainder when 13 is divided by i.
3
Let m = -37 + 42. Suppose 3*x = -o + 108 + 141, m*o = 4*x + 1150. Calculate the remainder when o is divided by 47.
46
Let z = -133 + 137. Let d = 24 + -16. Calculate the remainder when d is divided by z.
0
Let v = 58 + 6. What is the remainder when 510 is divided by v?
62
Let f(g) = -2*g**2 + 26*g + 3. What is the remainder when 22 is divided by f(13)?
1
Let l(u) = -u**2 + 11. Let f be 1 + (-6)/(-2) - (-1 + 5). Calculate the remainder when l(f) is divided by 6.
5
Suppose -73*d = -71*d - 24. What is the remainder when d is divided by 10?
2
Suppose 0 = 13*s - 127 - 302. Calculate the remainder when 295 is divided by s.
31
Suppose -4*p = 5*w - 4665, -5829 = -3*p - 2*p - 4*w. Calculate the remainder when p is divided by 8.
5
Suppose -n + 2 = -5*x, 8*x - 4*x - 38 = 3*n. What is the remainder when 29 is divided by 60/n*(108/15)/(-3)?
5
Suppose -65*w - v = -69*w + 58, -w + 17 = v. Calculate the remainder when 128 is divided by w.
8
Let n = 29 + -23. Suppose -1 = -n*q + 11. Suppose 106 = q*k - 56. What is the remainder when k is divided by 28?
25
Let y(v) = 3*v**2 - 8*v + 6. Let n be y(5). Let m = -37 + n. Let l(t) = 3*t + 4. Calculate the remainder when l(3) is divided by m.
1
Suppose -2*v = 4*h + 3*v - 33, 0 = v - 5. Suppose h*r = -7 + 37. Calculate the remainder when 72 is divided by r.
12
Let n = -1 + 5. Let j(a) = -2*a**3 - 10*a**2 - 8*a - 34. What is the remainder when j(-5) is divided by n?
2
Suppose 0*j + 32 = 2*j - m, -3*m - 21 = -j. Suppose -g - 15 = -4*g. Suppose -g*k + 20 = -4*v, 0*v + 4 = k - 2*v. Calculate the remainder when j is divided by k.
3
Calculate the remainder when 46 is divided by -10*(-8)/(-20) - (-58)/2.
21
Suppose 2*p = 6570 - 6392. Suppose h = -4*h + 90. What is the remainder when p is divided by h?
17
Let w(z) = 5*z**3 - 4*z**2 - 3*z - 4. What is the remainder when w(5) is divided by 85?
81
Suppose 5*k + 95 = 5*a, a - 3*a + k = -42. Calculate the remainder when 85 is divided by a.
16
Let h be (243/(-12))/((-6)/16). What is the remainder when 82 is divided by (1/(-3))/(-1) - (-1116)/h?
19
Let s(p) = 3*p**3 - 2*p**2 - 4*p + 10. What is the remainder when 77 is divided by s(2)?
5
Let h be (-28)/42 + (-110)/6. Let w = h + 27. What is the remainder when 37 is divided by w?
5
Suppose -f - u + 25 = 0, 78*u = f + 81*u - 21. What is the remainder when 402 is divided by f?
24
Let p be 38 + -13 + -1*2. Suppose -2*w + 2*u + 5 = -p, 4*w + 5*u = 38. Calculate the remainder when 0 + 33 + 0 + 0 is divided by w.
9
What is the remainder when 165 is divided by 18/(-36)*2 - 13/(-1)?
9
Suppose 11*d - 10*d - 9 = -u, 0 = u + 5. Calculate the remainder when 811 is divided by d.
13
Suppose -5*g = -26 - 79. Let o(f) = -23*f - 11. What is the remainder when o(-4) is divided by g?
18
Let c(k) = 0*k + 0*k - 2*k**3 - k**2 - 2*k - 2. Suppose 0 = s + 4*f + f - 8, -6 = 2*s - f. Calculate the remainder when c(s) is divided by 5.
4
Suppose -i = -16*b + 20*b - 94, 266 = 3*i + 4*b. What is the remainder when i is divided by 23?
17
Let t = -13280 + 13285. Let y(g) = -g**3 + 9*g**2 - 7*g + 4. Calculate the remainder when y(7) is divided by t.
3
What is the remainder when (96437/(-1331))/((-1)/11) is divided by 10?
7
Let n be 10/(-65) - 620/26. Let y = 57 + n. Calculate the remainder when y is divided by 17.
16
Let o(p) = -p + 21. Let a = 31 + -26. What is the remainder when o(a) is divided by 8 - 3*4/6?
4
Suppose 2*z = -2*z - 112. Let p = -3 - z. Calculate the remainder when 96 is divided by p.
21
Let l = -333 + 372. Calculate the remainder when 114 is divided by l.
36
Suppose -3*p = -0*p - 33. Suppose -24 = -33*x + 31*x + 4*i, 5*i - 51 = -2*x. What is the remainder when x is divided by p?
7
Suppose 4*q + 176 = 2*g, 86 = 4*g + 2*q - 256. What is the remainder when (44/8 - 1)*g/3 is divided by 19?
15
Let y be 3 + 213 + 0 + -1. Suppose -3*p + p - 3*j = 143, -3*p = 5*j + y. Let q = p - -129. What is the remainder when q is divided by 15?
14
Let d be ((-2)/(-3))/(4/6). Let h = 2 + 9. Calculate the remainder when h is divided by ((-3 + 2)*d)/(-3)*18.
5
Suppose 3*z - 46 = -19. Let u be ((-2)/(-2))/((-1)/(-3)). Calculate the remainder when z is divided by u/(((-3)/1)/(-3)).
0
Suppose 5*r - 270 = 2*i - 3*i, 38 = r - 3*i. What is the remainder when r is divided by 23?
7
Let m = -66 + 140. Let l = -8049 - -8054. Calculate the remainder when m is divided by l.
4
Suppose -15*s = -296 + 236. Suppose -27 - 51 = -3*b. Calculate the remainder when b is divided by s.
2
Let u = 4 - -23. Calculate the remainder when (-18)/(-63) - (-668)/14 is divided by 1*(u - 2)*1.
23
Let u = 292 - 279. Let l = 138 - 76. What is the remainder when l is divided by u?
10
Let z = -3 + 85. What is the remainder when z is divided by 44?
38
Suppose -15*m + 4*m = -22. Suppose 0 = -4*y - 5*u + 42, -2*y + m*u + 30 = -0*u. Let h(l) = 2*l - 4. Calculate the remainder when y is divided by h(4).
1
Let l(k) = 8*k + 2. Let o be l(1). Let f(x) = 5*x + 14. Calculate the remainder when f(o) is divided by 13.
12
Suppose -125*i = -136*i + 869. Calculate the remainder when i is divided by 40.
39
Let i be 8/(3/(-6)*-4). Let k(z) = 3*z + 3. What is the remainder when 41 is divided by k(i)?
11
Suppose 0 = -4*c - 3*f - 341, 4*c - 2*f = -0*f - 346. Let k = -72 - c. Calculate the remainder when 97 is divided by k.
13
Let l(f) = -f**2 + 16*f + 31. Suppose 10*r - 220 = 5*r + 5*j, -48 = -r + 2*j. What is the remainder when r is divided by l(17)?
12
Suppose 0*z = t + 4*z - 111, -3*t = 5*z - 361. What is the remainder when t is divided by 33?
28
Suppose -388 + 1144 = 4*r. Let k be (-